prime factors of t.
2
Suppose 5*y = 8*y - 15. What are the prime factors of 4/(-20) - (-86)/y?
17
Let b(v) = v**2 + 7*v + 2. List the prime factors of b(5).
2, 31
Suppose -1 = 4*q + 23. List the prime factors of 183/9 - 4/q.
3, 7
Let k be (-33 + 4)/(-2 + 3). Let b = k + 41. List the prime factors of b.
2, 3
Suppose 5*o - 19 - 1 = 0. Suppose o*i + 4 = 5*i. List the prime factors of i.
2
Let s be 0/(6/2 - 5). Suppose c - 2*u = -4*c + 13, s = 5*c - 5*u - 10. List the prime factors of c.
3
Let s = 47 - -56. What are the prime factors of s?
103
Suppose -2*q + 11 = 5*u, -3*q - 12 = 4*u - 46. List the prime factors of q.
2, 3
Suppose -2 + 12 = 5*a. Let q(j) = j**3 + 6*j**2 - j - 7. Let c be q(-6). What are the prime factors of a + (2 - 8/c)?
2, 3
Suppose 4*t - 26 = 34. Let q be 14*(5/(-2) - -2). Let c = t + q. List the prime factors of c.
2
Suppose 2*n + 30 = 5*o, -3*o = -4*o - 4*n - 16. Let i = o - 0. Suppose -4*j + s = -s - 44, 0 = -3*j - i*s + 22. List the prime factors of j.
2, 5
Let o(l) = -l + 3. What are the prime factors of o(-20)?
23
Suppose -3*o + 0*o = y - 22, 0 = 2*o. What are the prime factors of y?
2, 11
Suppose -4*b = -62 - 30. Suppose -p + q + 3*q - 11 = 0, 3*p + 2*q - b = 0. Suppose y = 2*y - p. List the prime factors of y.
5
Let v(b) = b**2 - 7. Let l be v(-6). Let i = l + 12. What are the prime factors of i?
41
Suppose i = 2*i - 5. What are the prime factors of i?
5
Let t(b) = -b**3 - b. Let g be t(2). Let n = 13 + g. List the prime factors of 0*(-2)/4 + n.
3
Let s(g) = 7*g**2 + 2*g - 8. Let k be s(-4). Suppose -4*w + k = -136. What are the prime factors of w?
2, 29
Let k be 2/5 - 514/10. Let r = -35 - k. Let b = r + -6. List the prime factors of b.
2, 5
Let o = 37 + 0. What are the prime factors of o?
37
Suppose 0 = f + 2*f + 270. What are the prime factors of (12/(-18))/(4/f)?
3, 5
Suppose -6*x + 12 = -3*x. Let s(g) = g**2 - g + 1. Let k be s(4). Suppose 3*v - x*f = k, -v + 0*v + 1 = 2*f. List the prime factors of v.
3
Let v = 37 + -20. Let t = -11 + v. What are the prime factors of t?
2, 3
Let q = 12 + -23. What are the prime factors of q + 9 - (0 + -12)?
2, 5
Suppose -3*c - 32 = -77. Let n = -4 + c. What are the prime factors of n?
11
Suppose 87 = t + r, 2*t - 3*t + 5*r + 111 = 0. List the prime factors of t.
7, 13
Let f(n) = -n**2 - 16*n - 22. List the prime factors of f(-12).
2, 13
Suppose 2*k = 5*v + 4*k + 125, 5*v + 155 = 4*k. What are the prime factors of -1 - 0 - (v - -2)?
2, 3
Suppose -3*a - t - 112 = -551, -2*a = 5*t - 297. What are the prime factors of a?
2, 73
Let m(n) = 3 - 5 + 5*n**2 + n**3 - 3*n**3 + 3*n**3. Let o be m(-4). Let q = o + -8. What are the prime factors of q?
2, 3
Let a(d) = d**2 + 2*d + 2. What are the prime factors of a(-6)?
2, 13
List the prime factors of (410/30)/((-2)/(-6)).
41
Suppose -241 = 2*u - 73. List the prime factors of (2/4)/((-7)/u).
2, 3
What are the prime factors of (-2)/((-78)/(-16) + -5)?
2
Suppose 3 = -5*a - 7. Let s be 7 + (-2)/(a/(-3)). Suppose -j = -3*x - 0*j + 21, -s*j + 44 = 4*x. What are the prime factors of x?
2
Let f = -22 + 16. What are the prime factors of 8/(-3)*f/4?
2
Suppose 3*i - 5*x - 183 = -i, 0 = 4*x - 20. Suppose 0*g = 2*g - i. List the prime factors of g.
2, 13
Let h(b) = 6*b**2 + 3*b - 1. Let i be h(5). Let w = -7 - -14. What are the prime factors of 2/w - i/(-14)?
2, 3
Suppose 3*k + 2*i = 13, -2*i - 1 + 11 = 2*k. Suppose k*l - 15 = 3*j, -5*l - 4*j = -5*j - 17. Suppose -8 = -l*u - 2. List the prime factors of u.
2
Let d = -1 - -3. List the prime factors of ((-4)/d)/((-2)/3).
3
Let o(k) be the third derivative of k**5/15 - k**4/12 + k**3/6 - 4*k**2. Let q(r) = -r**2 + 2*r + 4. Let x be q(3). What are the prime factors of o(x)?
3
Let z = -18 + 9. Let u = z - -21. What are the prime factors of u?
2, 3
Suppose 4*s - 5*q - 35 = -0*s, 3*q = -5*s + 53. What are the prime factors of s?
2, 5
Let i be -2 - (0 + -1)*-2. Let o = i - -3. List the prime factors of o/(-1) - (-11 - 0).
2, 3
Let m(s) = 2*s**2 - 3*s + 4. What are the prime factors of m(-7)?
3, 41
Let b(x) = -8*x + 6. Let a(r) = -3*r + 2. Let t(g) = -17*a(g) + 6*b(g). List the prime factors of t(9).
29
Let z be 85 - (-12)/(4/(-1)). Let s = z - 37. What are the prime factors of s?
3, 5
Suppose -78 = 4*u - u. Let r = u - -45. List the prime factors of r.
19
Suppose -19*r + 5*r + 2044 = 0. What are the prime factors of r?
2, 73
Let u be (7/(-3))/((-1)/(-3)). Suppose 4*x - a - 32 = 4, 0 = -4*x - 2*a + 48. Let t = x + u. List the prime factors of t.
3
Suppose 4*z = -z + 20, -4*r + 5*z = 8. Suppose -r*j = j - 68. Suppose -4*m + p = -40, -2*p = -0*m - m + j. What are the prime factors of m?
3
Suppose f - 46 = 5*x, -4*f = -x - x - 202. What are the prime factors of f?
3, 17
Let z(p) = -4 + 8*p**2 - 9*p - 1 - 9*p**2 + 0. Let q(m) = -3*m**2 + 4*m - 3. Let h be q(2). What are the prime factors of z(h)?
3
Let u be -2 + (-3)/(3/(-34)). Suppose -u = -12*o + 8*o. What are the prime factors of o?
2
Suppose 2*n + 5 = 3*n. Suppose 0 = -n*g - 11 + 1. Let a = g - -12. List the prime factors of a.
2, 5
Let i(h) = -h - 12. Let l(n) = -n - 6. Let s be l(0). Let t be i(s). Let v(q) = -2*q + 3. What are the prime factors of v(t)?
3, 5
Suppose 3*k + 3 = 3*a - 3, 4*a - 32 = -4*k. What are the prime factors of k?
3
Let p = -52 - -110. Let a be 3/(-12) - p/(-8). Suppose 2*v - 2*n = -9 + 35, 4*n = -v - a. List the prime factors of v.
3
Suppose -3*y = -0*y - 6. Suppose -17 = -y*h + 3. What are the prime factors of h?
2, 5
Suppose -62 = -5*a + 188. Suppose 4*i - a = 2*k + 3*k, -2*i + k = -22. Let d = i + 10. What are the prime factors of d?
2, 5
Suppose -2*t + 242 = 3*v, 2*t + 2*t - 94 = -v. What are the prime factors of v?
2, 3, 13
Let p = 6 + -8. Let a = 5 - p. List the prime factors of a.
7
Let l(x) = x**3 + 18*x + 4*x**3 + 12*x**2 - 7 + 0 - 6*x**3. What are the prime factors of l(13)?
2, 29
Let l(w) = -w**2 + 3*w + 5. Let n be l(5). Let f(y) be the first derivative of -y**2/2 + 5*y - 1. List the prime factors of f(n).
2, 5
Let u(m) be the first derivative of m**2/2 + 8*m + 2. Let g be (0/(-2 - -4))/(-1). What are the prime factors of u(g)?
2
Let a be ((-4)/3)/(8/(-36)). Let l(q) = 2*q - 4 + a + 2*q - 1. List the prime factors of l(5).
3, 7
Suppose 0 = 3*y - y. Let s be (10/8)/((-3)/(-24)). Suppose 4*m - j - s - 31 = y, -2*m + 31 = 3*j. What are the prime factors of m?
11
Suppose 3 + 17 = f. List the prime factors of f.
2, 5
Let u be 68/2 + (-15 - -13). Suppose 3*c - 10 - u = 0. What are the prime factors of c?
2, 7
Let f = 0 + 8. Let g = f + -6. Suppose -3*y + g*q = -23, 0 = -4*y + 3*q + 2*q + 40. What are the prime factors of y?
5
Suppose 0 = -5*n + 9 - 4. What are the prime factors of (n + -2 + 3)*21?
2, 3, 7
Suppose -124 = -h + 2*z, -5*h + 653 = 5*z - 4*z. List the prime factors of h.
2, 5, 13
Let y(j) = -4*j**3 - j - 4. List the prime factors of y(-2).
2, 3, 5
List the prime factors of (4/6)/(6*(-5)/(-765)).
17
Let q = 11 - 7. Suppose q*v - 6 - 2 = 0. What are the prime factors of v?
2
Suppose -x + 16 = d, x - 4*x - 4*d = -49. What are the prime factors of x?
3, 5
Let o = -13 + 23. List the prime factors of 3/15 + 68/o.
7
Let j be (40/(-12))/((-2)/(-6)). Let h(k) = -2*k - 12. What are the prime factors of h(j)?
2
Suppose 0 = 5*i - 6 - 14. Suppose 4*u = -i*v + 5 + 11, 0 = -3*u - v + 14. Suppose -x + 2 = -u. List the prime factors of x.
7
Let d(f) = -f**2 + 4*f + 2. Let j be d(3). Suppose 0*c = -j*c + 165. What are the prime factors of c?
3, 11
Suppose 3*x - 57 = -0*x. Suppose -5*n + 11 + x = 0. Suppose v = -2*i + 27, -i + n*i = 4*v + 74. List the prime factors of i.
2, 7
Let y(f) = -f**3 - 12 - 2*f**2 - 3*f**2 - f + 4*f + 5*f. List the prime factors of y(-7).
2, 3, 5
Let p(b) = 2*b + b - b**3 + 4*b**2 + b - 6 - 11*b**2. List the prime factors of p(-8).
2, 13
Let q be (-2)/(-2) - (-2 + -36). Let j = -14 + q. What are the prime factors of j?
5
What are the prime factors of (-2)/4*6 - -51?
2, 3
Suppose -5*r + 36 = -2*l - 34, 25 = -5*l. List the prime factors of r.
2, 3
Let h = 29 + -23. List the prime factors of h.
2, 3
Suppose 8*k - 40 = 4*k. Let z be ((-6)/k + 0)*-5. Suppose 4*g = 5*j - 14, z*g - 15 = -5*j + 27. What are the prime factors of j?
2, 3
Let b(y) be the second derivative of -y**4/12 + 2*y**3/3 - y**2 + y. Let w be b(3). Wha